culate the highest common factor of 65321 and 664.
83
What is the greatest common divisor of 411839 and 551160?
1531
Calculate the highest common divisor of 5103 and 356963922.
567
Calculate the greatest common divisor of 108 and 142579818.
54
Calculate the highest common divisor of 8840 and 43180.
340
Calculate the greatest common factor of 43 and 13060261.
43
What is the highest common divisor of 692 and 312085772?
692
Calculate the greatest common factor of 225 and 29244750.
75
What is the greatest common factor of 99532 and 314?
2
What is the greatest common factor of 81266 and 55615?
227
What is the highest common factor of 202 and 202457732?
202
What is the greatest common factor of 285708 and 30972?
348
What is the highest common factor of 15637 and 57299729?
823
What is the greatest common divisor of 5187377 and 39?
13
What is the highest common factor of 1598 and 910282?
34
What is the highest common factor of 140 and 5387320?
20
What is the greatest common factor of 4996332 and 4668?
12
What is the highest common divisor of 456924 and 12411789?
3939
What is the greatest common divisor of 2368 and 28813676?
148
Calculate the greatest common factor of 1342930 and 190.
10
Calculate the highest common factor of 187950 and 2436.
42
What is the greatest common divisor of 168 and 2259688?
8
Calculate the highest common factor of 2993 and 2329661.
41
Calculate the highest common factor of 609952 and 2593472.
1568
What is the greatest common factor of 4130 and 73533470?
590
What is the highest common factor of 305444 and 178277?
19
What is the highest common divisor of 16733600 and 2944?
32
What is the greatest common divisor of 14542 and 202598?
22
Calculate the greatest common factor of 60932 and 10932.
4
Calculate the highest common factor of 195687 and 16966.
17
What is the greatest common divisor of 251872 and 7922?
34
What is the greatest common divisor of 27831441 and 99?
33
What is the greatest common factor of 40 and 213058250?
10
Calculate the highest common factor of 810680 and 1240.
40
What is the greatest common factor of 409939 and 1648564?
367
What is the greatest common divisor of 25350728 and 38233?
2249
Calculate the highest common divisor of 65360378 and 11922.
3974
What is the highest common factor of 21730 and 29419960?
410
Calculate the highest common divisor of 457126 and 1326118.
4526
What is the highest common factor of 1424 and 27049592?
712
What is the greatest common factor of 767389914 and 36?
18
Calculate the greatest common factor of 1432709901 and 21.
21
Calculate the greatest common divisor of 555402 and 318.
6
Calculate the highest common factor of 942 and 1583031.
471
Calculate the highest common factor of 4522566 and 16608.
1038
Calculate the greatest common divisor of 2176 and 484252752.
272
What is the highest common divisor of 213 and 20383035?
213
Calculate the highest common divisor of 320552459 and 17.
17
Calculate the highest common factor of 1120968170 and 35.
35
What is the highest common divisor of 3060 and 637380?
180
What is the highest common divisor of 24514416 and 2316?
12
What is the greatest common divisor of 360814 and 442878?
446
What is the highest common divisor of 31374 and 42889420?
1162
What is the highest common factor of 830501 and 545359?
997
Calculate the greatest common factor of 75783 and 1866.
3
What is the highest common divisor of 1087900 and 1368776?
3956
Calculate the greatest common factor of 55289651 and 9535.
1907
Calculate the greatest common divisor of 27590101 and 77.
77
What is the highest common divisor of 37337508 and 16150?
646
What is the greatest common divisor of 41762 and 13307?
7
Calculate the highest common factor of 128705605 and 755.
755
What is the greatest common divisor of 1767 and 3607222?
31
What is the greatest common divisor of 3223 and 9183792?
293
What is the greatest common divisor of 26127 and 15519?
3
Calculate the highest common factor of 190922336 and 73568.
6688
What is the highest common factor of 26315 and 2494385?
1385
What is the greatest common factor of 50302 and 239?
1
Calculate the highest common divisor of 437142148 and 51.
17
What is the highest common divisor of 68 and 2426844?
4
Calculate the highest common factor of 345918 and 177.
3
What is the highest common factor of 110566425 and 5?
5
Calculate the highest common factor of 2499 and 34664241.
51
What is the greatest common divisor of 32448682 and 14161?
833
Calculate the highest common divisor of 2867615 and 4.
1
What is the greatest common divisor of 5334 and 956676?
42
Calculate the greatest common factor of 702 and 1852682.
26
What is the greatest common divisor of 21100760 and 309160?
2360
What is the highest common divisor of 14 and 1009366?
2
What is the greatest common divisor of 10978200 and 216?
216
What is the greatest common factor of 140091 and 245?
49
What is the greatest common divisor of 399796 and 76?
4
Calculate the greatest common factor of 490556 and 484.
44
Calculate the greatest common divisor of 1022 and 8235422.
146
Calculate the greatest common divisor of 19855 and 3064890.
1805
What is the greatest common factor of 1040 and 107632980?
260
What is the greatest common divisor of 269480 and 2400?
40
Calculate the greatest common factor of 738904 and 264.
8
Calculate the greatest common factor of 9400532 and 5652.
628
What is the highest common factor of 1487275 and 1175?
25
Calculate the greatest common divisor of 1846937 and 18299.
631
What is the greatest common factor of 110148 and 28408?
268
What is the greatest common factor of 6715 and 163547854?
1343
What is the greatest common factor of 63642426 and 2277?
69
What is the highest common factor of 64953746 and 33?
11
Calculate the greatest common factor of 9984210 and 39420.
2190
What is the highest common factor of 4420 and 868192?
52
Calculate the greatest common divisor of 33490 and 1955225.
985
What is the greatest common divisor of 1736028 and 1792?
28
What is the greatest common factor of 564 and 540492?
12
What is the highest common factor of 2702 and 173860190?
2702
Calculate the highest common factor of 1446486 and 762.
6
Calculate the highest common divisor of 6785 and 35694115.
295
Calculate the highest common divisor of 5 and 2765490.
5
Calculate the highest common factor of 3 and 82041591.
3
Calculate the highest common divisor of 14190 and 1277760.
330
Calculate the greatest common factor of 1672 and 178144.
152
Calculate the highest common factor of 90160 and 23335760.
3920
Calculate the greatest common divisor of 876708 and 327168.
2556
Calculate the highest common factor of 212325818 and 68.
34
What is the highest common divisor of 144 and 748848?
48
Calculate the highest common factor of 6878586 and 99.
33
Calculate the greatest common factor of 2494 and 5883462.
58
What is the greatest common factor of 754486 and 1016494?
2426
What is the highest common factor of 1670 and 1633692530?
1670
What is the greatest common factor of 15096935 and 238?
119
Calculate the highest common divisor of 39528 and 27792.
72
Calculate the greatest common factor of 4208197 and 2618.
119
Calculate the highest common divisor of 359 and 52024844.
359
What is the greatest common divisor of 4228 and 66752?
28
Calculate the highest common factor of 6565 and 21411091.
1313
Calculate the highest common divisor of 103294958 and 11883.
3961
What is the greatest common factor of 2952 and 20356008?
984
What is the highest common divisor of 108418 and 42362?
718
What is the highest common divisor of 225 and 36793800?
225
What is the greatest common factor of 6472 and 756877748?
3236
What is the greatest common factor of 400 and 367017850?
50
Calculate the greatest common factor of 340301 and 2171.
13
Calculate the highest common divisor of 56 and 1312264.
8
What is the greatest common divisor of 623 and 235823?
7
Calculate the highest common factor of 2568 and 8371145.
107
Calculate the greatest common factor of 8 and 99761324.
4
Calculate the highest common divisor of 76 and 1684551172.
76
Calculate the greatest common divisor of 27 and 88551.
9
Calculate the highest common divisor of 36 and 4377112.
4
What is the greatest common divisor of 768094 and 2584?
646
What is the highest common divisor of 7125 an